{"id":92,"date":"2024-01-31T20:17:51","date_gmt":"2024-01-31T23:17:51","guid":{"rendered":"https:\/\/extratonutri.com.br\/?post_type=product&#038;p=92"},"modified":"2024-12-09T17:19:05","modified_gmt":"2024-12-09T20:19:05","slug":"sabonete-intimo-champagne-com-morango","status":"publish","type":"product","link":"https:\/\/extratonutri.com.br\/index.php\/product\/sabonete-intimo-champagne-com-morango\/","title":{"rendered":"Sabonete \u00edntimo champagne com morango"},"content":{"rendered":"<p>Com uma deliciosa fragr\u00e2ncia, esse sabonete \u00edntimo feminino combina morango e champagne em uma deliciosa textura que hidratada, higieniza, sem agress\u00e3o \u00e0 regi\u00e3o \u00edntima. Equilibra o pH vaginal e traz uma deliciosa sensa\u00e7\u00e3o de p\u00f3s-banho causado pelo frescor e bem-estar.<\/p>\n","protected":false},"excerpt":{"rendered":"<p>Com uma deliciosa fragr\u00e2ncia, esse sabonete \u00edntimo feminino combina morango e champagne em uma deliciosa textura que hidratada, higieniza, sem agress\u00e3o \u00e0 regi\u00e3o \u00edntima. Equilibra o pH vaginal e traz uma deliciosa sensa\u00e7\u00e3o de p\u00f3s-banho causado pelo frescor e bem-estar.<\/p>\n","protected":false},"featured_media":419,"comment_status":"open","ping_status":"closed","template":"","meta":{"om_disable_all_campaigns":false,"_monsterinsights_skip_tracking":false,"_monsterinsights_sitenote_active":false,"_monsterinsights_sitenote_note":"","_monsterinsights_sitenote_category":0,"_uf_show_specific_survey":0,"_uf_disable_surveys":false},"product_cat":[15],"product_tag":[],"aioseo_notices":[],"jetpack_sharing_enabled":true,"_links":{"self":[{"href":"https:\/\/extratonutri.com.br\/index.php\/wp-json\/wp\/v2\/product\/92"}],"collection":[{"href":"https:\/\/extratonutri.com.br\/index.php\/wp-json\/wp\/v2\/product"}],"about":[{"href":"https:\/\/extratonutri.com.br\/index.php\/wp-json\/wp\/v2\/types\/product"}],"replies":[{"embeddable":true,"href":"https:\/\/extratonutri.com.br\/index.php\/wp-json\/wp\/v2\/comments?post=92"}],"wp:featuredmedia":[{"embeddable":true,"href":"https:\/\/extratonutri.com.br\/index.php\/wp-json\/wp\/v2\/media\/419"}],"wp:attachment":[{"href":"https:\/\/extratonutri.com.br\/index.php\/wp-json\/wp\/v2\/media?parent=92"}],"wp:term":[{"taxonomy":"product_cat","embeddable":true,"href":"https:\/\/extratonutri.com.br\/index.php\/wp-json\/wp\/v2\/product_cat?post=92"},{"taxonomy":"product_tag","embeddable":true,"href":"https:\/\/extratonutri.com.br\/index.php\/wp-json\/wp\/v2\/product_tag?post=92"}],"curies":[{"name":"wp","href":"https:\/\/api.w.org\/{rel}","templated":true}]}}