{"id":760,"date":"2024-12-09T18:02:16","date_gmt":"2024-12-09T21:02:16","guid":{"rendered":"https:\/\/extratonutri.com.br\/?post_type=product&#038;p=760"},"modified":"2024-12-18T17:49:00","modified_gmt":"2024-12-18T20:49:00","slug":"vitamina-c-produto-100-original","status":"publish","type":"product","link":"https:\/\/extratonutri.com.br\/index.php\/product\/vitamina-c-produto-100-original\/","title":{"rendered":"Vitamina C produto 100% original."},"content":{"rendered":"<p>A vitamina C Auxilia na absor\u00e7\u00e3o de ferro dos alimentos.\u2013 \u00c9 um antioxidante que auxilia na prote\u00e7\u00e3o dos danos causa dos pelos radicais livres.\u2013 Auxilia no funcionamento do sistema imune.\u2013 Auxilia na forma\u00e7\u00e3o do col\u00e1geno.\u2013 Auxilia na regenera\u00e7\u00e3o da forma reduzida da vitamina E.\u2013 Auxilia no metabolismo energ\u00e9tico.\u2013 Auxilia no metabolismo a gordura.<\/p>\n<div>FISIOFORT VITAMINA C 60 CAPSULAS  BIOCEUTICA CARACTER\u00cdSTICAS DO PRODUTO 60 C\u00e1psulas. (02 C\u00e1psula ao dia ).30 doses por pote. Composi\u00e7\u00e3o: Foto 02 do an\u00fancio. Modo de Consumo: 02 c\u00e1psulas ao dia. IMPORTANTE N\u00e3o cont\u00e9m Gl\u00faten; Al\u00e9rgicos: O produto pode conter derivados de soja ou leite; Gestantes, nutrizes e crian\u00e7as de at\u00e9 03 anos devem consumir o produto somente sob orienta\u00e7\u00e3o m\u00e9dica ou de um nutricionista; Antes de iniciar o uso de qualquer suplemento, \u00e9 recomendado consultar um profissional de sa\u00fade para obter orienta\u00e7\u00f5es personalizadas e garantir a seguran\u00e7a e efic\u00e1cia do produto.     <br \/><span style=\"font-family: var(--wp--preset--font-family--system-font)\"><\/span><\/div>\n","protected":false},"excerpt":{"rendered":"<p>A vitamina C Auxilia na absor\u00e7\u00e3o de ferro dos alimentos.\u2013 \u00c9 um antioxidante que auxilia na prote\u00e7\u00e3o dos danos causa dos pelos radicais livres.\u2013 Auxilia no funcionamento do sistema imune.\u2013 Auxilia na forma\u00e7\u00e3o do col\u00e1geno.\u2013 Auxilia na regenera\u00e7\u00e3o da forma reduzida da vitamina E.\u2013 Auxilia no metabolismo energ\u00e9tico.\u2013 Auxilia no metabolismo a gordura. FISIOFORT VITAMINA [&hellip;]<\/p>\n","protected":false},"featured_media":803,"comment_status":"open","ping_status":"closed","template":"","meta":{"om_disable_all_campaigns":false,"_monsterinsights_skip_tracking":false,"_monsterinsights_sitenote_active":false,"_monsterinsights_sitenote_note":"","_monsterinsights_sitenote_category":0,"_uf_show_specific_survey":0,"_uf_disable_surveys":false},"product_cat":[15],"product_tag":[],"aioseo_notices":[],"jetpack_sharing_enabled":true,"_links":{"self":[{"href":"https:\/\/extratonutri.com.br\/index.php\/wp-json\/wp\/v2\/product\/760"}],"collection":[{"href":"https:\/\/extratonutri.com.br\/index.php\/wp-json\/wp\/v2\/product"}],"about":[{"href":"https:\/\/extratonutri.com.br\/index.php\/wp-json\/wp\/v2\/types\/product"}],"replies":[{"embeddable":true,"href":"https:\/\/extratonutri.com.br\/index.php\/wp-json\/wp\/v2\/comments?post=760"}],"wp:featuredmedia":[{"embeddable":true,"href":"https:\/\/extratonutri.com.br\/index.php\/wp-json\/wp\/v2\/media\/803"}],"wp:attachment":[{"href":"https:\/\/extratonutri.com.br\/index.php\/wp-json\/wp\/v2\/media?parent=760"}],"wp:term":[{"taxonomy":"product_cat","embeddable":true,"href":"https:\/\/extratonutri.com.br\/index.php\/wp-json\/wp\/v2\/product_cat?post=760"},{"taxonomy":"product_tag","embeddable":true,"href":"https:\/\/extratonutri.com.br\/index.php\/wp-json\/wp\/v2\/product_tag?post=760"}],"curies":[{"name":"wp","href":"https:\/\/api.w.org\/{rel}","templated":true}]}}