{"id":375,"date":"2024-02-03T19:11:15","date_gmt":"2024-02-03T22:11:15","guid":{"rendered":"https:\/\/extratonutri.com.br\/?post_type=product&#038;p=375"},"modified":"2024-10-10T15:25:52","modified_gmt":"2024-10-10T18:25:52","slug":"serum-clareador-rosa-amazonica-produto-100-original","status":"publish","type":"product","link":"https:\/\/extratonutri.com.br\/index.php\/product\/serum-clareador-rosa-amazonica-produto-100-original\/","title":{"rendered":"S\u00e9rum clareador Rosa Amaz\u00f4nica produto 100% original"},"content":{"rendered":"<p>Descubra o poder da Rosa Mosqueta Amaz\u00f4nica! A tecnologia americana que devolve a beleza da sua pele !Reduz a apar\u00eancia das rugas instantaneamente Hidrata\u00e7\u00e3o 24 horas Clareia e Uniformiza a Pele Clareador de Manchas Elimina o \u201cP\u00e9 de Galinha\u201d e \u201cBigode Chin\u00eas\u201dDevolve a Firmeza e Elasticidade a sua Pele Combate Estrias e Foliculite Al\u00edvio das irrita\u00e7\u00f5es11 efeitos em 1 s\u00e9rum Rosa Mosqueta + \u00c1cido Hialur\u00f4nico + Verisol.<\/p>\n<p>Veja o poder da Rosa Amaz\u00f4nica na sua pele!Um produto rico em vitaminas que traz maciez, firmeza, rejuvenescimento e hidrata\u00e7\u00e3o profunda!<\/p>\n<div><span style=\"font-family: var(--wp--preset--font-family--system-font)\">Reduz a apar\u00eancia das rugas instantaneamente A Rosa Mosqueta Amaz\u00f4nica\u2122 cria um efeito lifting que pode remover anos, sen\u00e3o d\u00e9cadas de rugas do seu rosto\u2026 na hora! Imagine o controle que voc\u00ea vai ter em suas m\u00e3os ao saber que, sempre que voc\u00ea quiser, voc\u00ea poder\u00e1 aparentar ser anos mais jovem. Imagine poder ter um controle assim sobre sua apar\u00eancia.<\/span><\/div>\n<p>Sua pele hidratada, vi\u00e7osa, com aspecto saud\u00e1vel na hora O Epidermosil\u00ae do S\u00e9rum Rosa Amaz\u00f4nica devolve instantaneamente a hidrata\u00e7\u00e3o \u00e0 sua pele, a deixando mais vi\u00e7osa e com muito mais brilho! Quando voc\u00ea tocar sua pele, ela estar\u00e1 aveludada e lisinha como p\u00eassego.<\/p>\n<div><\/div>\n<p>Voc\u00ea envelhece mais devagar O Progeline\u2122 do S\u00e9rum Rosa Amaz\u00f4nica vai acelerar a Renova\u00e7\u00e3o Celular, para que as c\u00e9lulas velhas da sua pele sejam trocadas por c\u00e9lulas jovens, novinhas em folha! Imagine perceber que voc\u00ea est\u00e1 envelhecendo apenas 1 ano a cada 5? Imagine saber que sua pele n\u00e3o ficar\u00e1 cada vez pior com o tempo, muito pelo contr\u00e1rio! A cada dia voc\u00ea se sentir\u00e1 mais confiante ao olhar no espelho e se ver mais linda, mais atraente.<\/p>\n<p>Combate rugas e bigode chin\u00eas O Rosa Amaz\u00f4nica possui exclusivo sistema PROSIM3D que combina Rosa Mosqueta + \u00c1cido Hialur\u00f4nico + Verisol, tecnologia que diminue a apar\u00eancia das rugas deixando a pele do seu rosto mais lisa e sem as marcas do tempo.Rejuvenesce seu organismo Gra\u00e7as ao \u00c1cido Hialur\u00f4nico que traz mol\u00e9culas de \u00e1gua para c\u00e9lulas da derme, o S\u00e9rum Rosa Amaz\u00f4nica age como preenchedor, suaviza e rejuvenesce todo seu organismo. Antioxidante e combate os radicais livres Volte a ostentar uma pele Jovem, livre dos efeitos de radicais livre e do envelhecimento!<\/p>\n","protected":false},"excerpt":{"rendered":"<p>Descubra o poder da Rosa Mosqueta Amaz\u00f4nica! A tecnologia americana que devolve a beleza da sua pele !Reduz a apar\u00eancia das rugas instantaneamente Hidrata\u00e7\u00e3o 24 horas Clareia e Uniformiza a Pele Clareador de Manchas Elimina o \u201cP\u00e9 de Galinha\u201d e \u201cBigode Chin\u00eas\u201dDevolve a Firmeza e Elasticidade a sua Pele Combate Estrias e Foliculite Al\u00edvio das [&hellip;]<\/p>\n","protected":false},"featured_media":376,"comment_status":"open","ping_status":"closed","template":"","meta":{"om_disable_all_campaigns":false,"_monsterinsights_skip_tracking":false,"_monsterinsights_sitenote_active":false,"_monsterinsights_sitenote_note":"","_monsterinsights_sitenote_category":0,"_uf_show_specific_survey":0,"_uf_disable_surveys":false},"product_cat":[15],"product_tag":[],"aioseo_notices":[],"jetpack_sharing_enabled":true,"_links":{"self":[{"href":"https:\/\/extratonutri.com.br\/index.php\/wp-json\/wp\/v2\/product\/375"}],"collection":[{"href":"https:\/\/extratonutri.com.br\/index.php\/wp-json\/wp\/v2\/product"}],"about":[{"href":"https:\/\/extratonutri.com.br\/index.php\/wp-json\/wp\/v2\/types\/product"}],"replies":[{"embeddable":true,"href":"https:\/\/extratonutri.com.br\/index.php\/wp-json\/wp\/v2\/comments?post=375"}],"wp:featuredmedia":[{"embeddable":true,"href":"https:\/\/extratonutri.com.br\/index.php\/wp-json\/wp\/v2\/media\/376"}],"wp:attachment":[{"href":"https:\/\/extratonutri.com.br\/index.php\/wp-json\/wp\/v2\/media?parent=375"}],"wp:term":[{"taxonomy":"product_cat","embeddable":true,"href":"https:\/\/extratonutri.com.br\/index.php\/wp-json\/wp\/v2\/product_cat?post=375"},{"taxonomy":"product_tag","embeddable":true,"href":"https:\/\/extratonutri.com.br\/index.php\/wp-json\/wp\/v2\/product_tag?post=375"}],"curies":[{"name":"wp","href":"https:\/\/api.w.org\/{rel}","templated":true}]}}