{"id":223,"date":"2024-02-01T15:48:22","date_gmt":"2024-02-01T18:48:22","guid":{"rendered":"https:\/\/extratonutri.com.br\/?post_type=product&#038;p=223"},"modified":"2024-08-06T17:49:18","modified_gmt":"2024-08-06T20:49:18","slug":"perfume-feminino-elegance-amakha-paris-original","status":"publish","type":"product","link":"https:\/\/extratonutri.com.br\/index.php\/product\/perfume-feminino-elegance-amakha-paris-original\/","title":{"rendered":"Perfume feminino Elegance amakha Paris original"},"content":{"rendered":"<p>Marcas mencionadas s\u00e3o similaridades Fam\u00edlia Olfativas Ol\u00e1! J\u00e1 experimentou o Amakha Paris Elegance? \u00c9 um perfume absolutamente incr\u00edvel que pode fazer qualquer mulher sentir-se atraente, elegante e delicada ao mesmo tempo.A versatilidade desse perfume o torna perfeito para qualquer ocasi\u00e3o,seja para um dia casual ou um evento noturno especial. As notas altas do perfume incluem alde\u00eddos, manjeric\u00e3o, hera, frutas c\u00edtricas, tangerina, fr\u00e9sia e bergamota,que se misturam para criar um perfume refrescante e convidativo.As notas m\u00e9dias incluem cravos, coentro, flores e jasmim, o que torna o perfume mais sofisticado. Por fim, as notas de base de s\u00e2ndalo, baunilha, alm\u00edscar e fava tonka produzem um perfume quente e sensual.Se voc\u00ea est\u00e1 procurando por um novo perfume, n\u00e3o deixe de conferir o Amakha Paris Elegance. Pode ser o impulso de confian\u00e7a e eleg\u00e2ncia que voc\u00ea precisa agora!O perfume Amakha Paris oferece uma concentra\u00e7\u00e3o de 33% de ess\u00eancia, durando mais de 8 horas na pele e at\u00e9 48 horas nas roupas. \u00c9 leve e f\u00e1cil de transportar, tornando-o perfeito para viagens, trabalho ou qualquer ocasi\u00e3o. A fragr\u00e2ncia \u00e9 feita com mat\u00e9rias primas importados da Europa e dos Estados Unidos, adicionando um toque de sofistica\u00e7\u00e3o ao seu aroma.Para usar o perfume, aplique uma quantidade moderada no pesco\u00e7o, pulsos, cotovelos, atr\u00e1s das orelhas e nos joelhos. Evite esfregar os pulsos ap\u00f3s a aplica\u00e7\u00e3o e deixe a fragr\u00e2ncia ser absorvida pela sua pele. Para resultados mais duradouros, hidrate a sua pele antes de aplicar o perfume. Lembre-se que o perfume n\u00e3o \u00e9 destinado a mascarar outros odores e \u00e9 melhor evitar misturar fragr\u00e2ncias. Se quiser real\u00e7ar o aroma, use outros produtos da mesma linha de fragr\u00e2ncias. No geral, o perfume Amakha Paris \u00e9 perfeito para quem procura uma fragr\u00e2ncia de alta qualidade e longa dura\u00e7\u00e3o<\/p>\n","protected":false},"excerpt":{"rendered":"<p>Marcas mencionadas s\u00e3o similaridades Fam\u00edlia Olfativas Ol\u00e1! J\u00e1 experimentou o Amakha Paris Elegance? \u00c9 um perfume absolutamente incr\u00edvel que pode fazer qualquer mulher sentir-se atraente, elegante e delicada ao mesmo tempo.A versatilidade desse perfume o torna perfeito para qualquer ocasi\u00e3o,seja para um dia casual ou um evento noturno especial. As notas altas do perfume incluem [&hellip;]<\/p>\n","protected":false},"featured_media":224,"comment_status":"open","ping_status":"closed","template":"","meta":{"om_disable_all_campaigns":false,"_monsterinsights_skip_tracking":false,"_monsterinsights_sitenote_active":false,"_monsterinsights_sitenote_note":"","_monsterinsights_sitenote_category":0,"_uf_show_specific_survey":0,"_uf_disable_surveys":false},"product_cat":[15],"product_tag":[],"aioseo_notices":[],"jetpack_sharing_enabled":true,"_links":{"self":[{"href":"https:\/\/extratonutri.com.br\/index.php\/wp-json\/wp\/v2\/product\/223"}],"collection":[{"href":"https:\/\/extratonutri.com.br\/index.php\/wp-json\/wp\/v2\/product"}],"about":[{"href":"https:\/\/extratonutri.com.br\/index.php\/wp-json\/wp\/v2\/types\/product"}],"replies":[{"embeddable":true,"href":"https:\/\/extratonutri.com.br\/index.php\/wp-json\/wp\/v2\/comments?post=223"}],"wp:featuredmedia":[{"embeddable":true,"href":"https:\/\/extratonutri.com.br\/index.php\/wp-json\/wp\/v2\/media\/224"}],"wp:attachment":[{"href":"https:\/\/extratonutri.com.br\/index.php\/wp-json\/wp\/v2\/media?parent=223"}],"wp:term":[{"taxonomy":"product_cat","embeddable":true,"href":"https:\/\/extratonutri.com.br\/index.php\/wp-json\/wp\/v2\/product_cat?post=223"},{"taxonomy":"product_tag","embeddable":true,"href":"https:\/\/extratonutri.com.br\/index.php\/wp-json\/wp\/v2\/product_tag?post=223"}],"curies":[{"name":"wp","href":"https:\/\/api.w.org\/{rel}","templated":true}]}}